{"id":152,"date":"2021-11-06T21:27:43","date_gmt":"2021-11-06T21:27:43","guid":{"rendered":"https:\/\/copoexport.pl\/?page_id=152"},"modified":"2022-01-07T20:30:04","modified_gmt":"2022-01-07T20:30:04","slug":"import-export","status":"publish","type":"page","link":"https:\/\/etusa.pl\/?page_id=152","title":{"rendered":"Import Export"},"content":{"rendered":"\n<p>Dzia\u0142aj\u0105c jako mi\u0119dzynarodowy importer\/eksporter umo\u017cliwiamy Twojej firmie importowanie i eksportowanie sprz\u0119tu i towar\u00f3w na skal\u0119 globaln\u0105, spe\u0142niaj\u0105c wszystkie globalne wymagania dotycz\u0105ce handlu i importu oraz eksportu.<\/p>\n\n\n\n<p>Mi\u0119dzynarodowa wysy\u0142ka sprz\u0119tu jest \u015bci\u015ble regulowana obejmuje z\u0142o\u017cone procesy, dlatego oferujemy specjalistyczne wsparcia.<\/p>\n\n\n\n<p>Dzi\u0119ki wiedzy i zdobytemu wieloletniemu do\u015bwiadczeniu w \u015bwiadczeniu us\u0142ug Import\/Export, nasz zesp\u00f3\u0142 mo\u017ce przeprowadzi\u0107 Tw\u00f3j sprz\u0119t podczas przygotowywania mi\u0119dzynarodowych dokument\u00f3w importowych i eksportowych oraz procedur celnych, w tym tymczasowego importu i eksportu.<\/p>\n\n\n\n<p>Bezproblemowo mo\u017cesz importowa\u0107 i eksportowa\u0107 r\u00f3\u017cnego rodzaju sprz\u0119t do i z wielu kraj\u00f3w. Jeden podmiot dla wszystkich Twoich transakcji mi\u0119dzynarodowych. Zajmiemy si\u0119 wszystkimi wymogami handlu mi\u0119dzynarodowego, zgodno\u015bci\u0105 i logistyk\u0105, w tym odpraw\u0105 celn\u0105. W ten spos\u00f3b unikniesz kar za nieznajomo\u015b\u0107 zasad i przepis\u00f3w Ochrony Celnej i Granicznej.<\/p>\n","protected":false},"excerpt":{"rendered":"<p>Dzia\u0142aj\u0105c jako mi\u0119dzynarodowy importer\/eksporter umo\u017cliwiamy Twojej firmie importowanie i eksportowanie sprz\u0119tu i towar\u00f3w na skal\u0119 globaln\u0105, spe\u0142niaj\u0105c wszystkie globalne wymagania dotycz\u0105ce handlu i importu oraz eksportu. Mi\u0119dzynarodowa wysy\u0142ka sprz\u0119tu jest \u015bci\u015ble regulowana obejmuje z\u0142o\u017cone procesy, dlatego oferujemy specjalistyczne wsparcia. Dzi\u0119ki wiedzy i zdobytemu wieloletniemu do\u015bwiadczeniu w \u015bwiadczeniu us\u0142ug Import\/Export, nasz zesp\u00f3\u0142 mo\u017ce przeprowadzi\u0107 Tw\u00f3j sprz\u0119t [&hellip;]<\/p>\n","protected":false},"author":1,"featured_media":0,"parent":0,"menu_order":0,"comment_status":"closed","ping_status":"closed","template":"","meta":{"footnotes":""},"class_list":["post-152","page","type-page","status-publish","hentry"],"_links":{"self":[{"href":"https:\/\/etusa.pl\/index.php?rest_route=\/wp\/v2\/pages\/152","targetHints":{"allow":["GET"]}}],"collection":[{"href":"https:\/\/etusa.pl\/index.php?rest_route=\/wp\/v2\/pages"}],"about":[{"href":"https:\/\/etusa.pl\/index.php?rest_route=\/wp\/v2\/types\/page"}],"author":[{"embeddable":true,"href":"https:\/\/etusa.pl\/index.php?rest_route=\/wp\/v2\/users\/1"}],"replies":[{"embeddable":true,"href":"https:\/\/etusa.pl\/index.php?rest_route=%2Fwp%2Fv2%2Fcomments&post=152"}],"version-history":[{"count":3,"href":"https:\/\/etusa.pl\/index.php?rest_route=\/wp\/v2\/pages\/152\/revisions"}],"predecessor-version":[{"id":203,"href":"https:\/\/etusa.pl\/index.php?rest_route=\/wp\/v2\/pages\/152\/revisions\/203"}],"wp:attachment":[{"href":"https:\/\/etusa.pl\/index.php?rest_route=%2Fwp%2Fv2%2Fmedia&parent=152"}],"curies":[{"name":"wp","href":"https:\/\/api.w.org\/{rel}","templated":true}]}}